121201002
Convert -13302 (base 5) to base 12.
-759
3016 (base 13) to base 8
14722
What is -1307 (base 9) in base 12?
-697
What is 1983 (base 16) in base 2?
1100110000011
What is -10120002 (base 3) in base 15?
-b7e
What is 16365 (base 15) in base 5?
4243040
What is 454 (base 15) in base 7?
2566
2030012 (base 4) to base 13
4109
Convert 1110000000 (base 2) to base 10.
896
Convert 116 (base 8) to base 14.
58
Convert -23011 (base 5) to base 7.
-4520
-7a2 (base 16) to base 6
-13014
Convert e2 (base 15) to base 5.
1322
Convert 13120 (base 4) to base 9.
574
What is 2d7 (base 14) in base 9?
715
What is -2443 (base 5) in base 7?
-1042
What is c47 (base 16) in base 6?
22315
What is -1488 (base 11) in base 5?
-30121
1d81 (base 15) to base 13
2bcc
Convert 722 (base 9) to base 11.
494
464 (base 10) to base 12
328
1889 (base 11) to base 13
1124
Convert 237 (base 13) to base 14.
1d6
-1002102 (base 4) to base 10
-4242
What is -34415 (base 8) in base 2?
-11100100001101
-3617 (base 14) to base 13
-43a4
What is 43134 (base 5) in base 2?
101101100111
-2c10 (base 13) to base 15
-1d90
6078 (base 11) to base 14
2d27
What is -602 (base 8) in base 11?
-321
36 (base 11) to base 6
103
-12713 (base 9) to base 12
-4b86
What is 335315 (base 6) in base 16?
6eff
What is -210 (base 11) in base 6?
-1101
Convert -411 (base 7) to base 6.
-540
Convert 50672 (base 8) to base 7.
114666
Convert -4634 (base 8) to base 4.
-212130
Convert 4361 (base 13) to base 14.
35b8
Convert -2121 (base 10) to base 9.
-2816
1015 (base 8) to base 16
20d
Convert -1a794 (base 14) to base 6.
-1235502
What is 1010011001100 (base 2) in base 4?
1103030
Convert 83 (base 12) to base 10.
99
What is -2638 (base 9) in base 15?
-8be
What is 4141 (base 5) in base 2?
1000100010
What is 100111000011 (base 2) in base 13?
11a3
Convert -753 (base 10) to base 5.
-11003
101022021 (base 3) to base 12
4421
-2100020 (base 3) to base 11
-1312
-2069 (base 12) to base 8
-6721
What is -bb9d (base 14) in base 13?
-11a25
What is 222211 (base 4) in base 10?
2725
What is 46262 (base 7) in base 12?
69b8
Convert -10530 (base 6) to base 5.
-21434
Convert -1150 (base 8) to base 6.
-2504
2062 (base 7) to base 13
442
Convert -13100 (base 4) to base 11.
-392
20065 (base 9) to base 7
53300
Convert -1084 (base 9) to base 5.
-11210
What is -1373 (base 9) in base 8?
-2016
Convert -353 (base 8) to base 7.
-454
-1120 (base 14) to base 16
-b98
Convert 1347 (base 14) to base 7.
12620
-47301 (base 10) to base 14
-13349
Convert -364 (base 13) to base 11.
-496
What is -b5 (base 15) in base 9?
-208
-20222200 (base 3) to base 13
-241b
-2a (base 12) to base 9
-37
Convert 16d (base 14) to base 16.
125
Convert 11228 (base 10) to base 12.
65b8
What is -3003 (base 5) in base 3?
-112000
-111000110101101 (base 2) to base 15
-8951
Convert -1299 (base 10) to base 13.
-78c
-212535 (base 6) to base 14
-652b
What is -10540 (base 11) in base 5?
-442130
Convert -10100101 (base 2) to base 11.
-140
Convert -c34 (base 13) to base 6.
-13331
Convert -10130002 (base 4) to base 10.
-18178
What is -120112 (base 3) in base 16?
-1a3
Convert -14d4 (base 15) to base 4.
-1011322
What is 3519 (base 13) in base 11?
5670
Convert 433 (base 12) to base 2.
1001100111
1042 (base 6) to base 2
11110010
1046 (base 7) to base 13
230
What is 32174 (base 8) in base 3?
200102122
Convert 2020110 (base 3) to base 13.
987
What is 633 (base 14) in base 11?
a10
Convert -2542 (base 7) to base 2.
-1111000001
Convert 1011212012 (base 3) to base 16.
5ab9
Convert 2553 (base 9) to base 2.
11101110111
What is -1110100011 (base 2) in base 14?
-4a7
Convert 5606 (base 10) to base 4.
1113212
Convert 1c (base 14) to base 5.
101
What is 14567 (base 8) in base 14?
2539
Convert 2121212 (base 3) to base 2.
11101111001
Convert 573 (base 11) to base 8.
1255
Convert -4052 (base 12) to base 11.
-5270
400 (base 15) to base 14
484
Convert -10230 (base 5) to base 9.
-846
c3 (base 15) to base 6
503
-11140 (base 5) to base 10
-795
What is -1120 (base 4) in base 12?
-74
b9e6 (base 15) to base 10
39366
Convert 10121000 (base 3) to base 15.
b99
What is -183 (base 10) in base 2?
-10110111
Convert 23406 (base 7) to base 4.
1132101
Convert 1482 (base 9) to base 16.
467
Convert 5b5 (base 15) to base 12.
8bb
-141377 (base 8) to base 10
-49919
Convert 439 (base 10) to base 16.
1b7
Convert 2679 (base 10) to base 2.
101001110111
What is 1346 (base 9) in base 4?
33312
13013 (base 4) to base 14
247
2097 (base 11) to base 6
20452
What is 100011101010 (base 2) in base 12?
13a2
-7537 (base 15) to base 9
-37017
Convert 1132333 (base 4) to base 11.
4627
What is ea4 (base 15) in base 7?
12430
What is -12200202 (base 3) in base 2?
-1000000110111
What is -bd1 (base 14) in base 3?
-10012122
599b (base 12) to base 10
10055
Convert -1099 (base 12) to base 3.
-2112100
What is -13761 (base 8) in base 14?
-233b
-2036 (base 8) to base 4
-100132
Convert 55136 (base 7) to base 6.
143512
Convert -1010101111010 (base 2) to base 14.
-200a
-2332 (base 6) to base 9
-682
Convert -100212000 (base 3) to base 6.
-53130
Convert 10001001001011000 (base 2) to base 8.
211130
Convert -7312 (base 9) to base 2.
-1010011101101
45115 (base 7) to base 12
6704
Convert -1022 (base 10) to base 9.
-1355
222121210 (base 3) to base 13
8aab
Convert -3331223 (base 4) to base 15.
-4c25
Convert -451 (base 13) to base 11.
-615
Convert ba0 (base 15) to base 4.
221001
What is -733 (base 9) in base 2?
-1001010101
What is -2ae (base 15) in base 9?
-752
-2222000 (base 3) to base 6
-14000
What is 1991 (base 11) in base 7?
10230
141344 (base 5) to base 10
5849
What is -202000 (base 3) in base 13?
-327
Convert 100100100111010 (base 2) to base 11.
130a2
What is 122 (base 7) in base 4?
1001
What is 54a (base 15) in base 14?
615
Convert -7154 (base 8) to base 7.
-13523
Convert 12201 (base 5) to base 13.
563
What is -10441 (base 11) in base 16?
-3b42
-41b69 (base 12) to base 13
-303b4
What is -433 (base 5) in base 7?
-226
1221121 (base 3) to base 8
2614
Convert -a393 (base 11) to base 6.
-143435
Convert -2210020112 (base 3) to base 13.
-1bc74
Convert 132065 (base 7) to base 2.
110000010100111
2114 (base 6) to base 7
1252
Convert 2014 (base 6) to base 8.
672
1b8c (base 15) to base 7
23304
What is -2127 (base 16) in base 10?
-8487
-142014 (base 5) to base 10
-5884
What is 4378 (base 14) in base 5?
333140
2001310 (base 4) to base 6
102244
Convert 1995 (base 11) to base 2.
100111011100
-2100 (base 13) to base 11
-3479
Convert -33144 (base 7) to base 3.
-102101220
-58 (base 15) to base 4
-1103
Convert -20210002 (base 3) to base 8.
-11517
Convert -2590 (base 12) to base 11.
-3245
-112 (base 13) to base 9
-224
-21200110 (base 3) to base 15
-19d6
What is 51672 (base 10) in base 8?
144730
12100121 (base 3) to base 15
1254
Convert 246 (base 13) to base 5.
3041
What is 15 (base 9) in base 7?
20
220221 (base 3) to base 4
22201
-221120110 (base 3) to base 5
-1044032
Convert 21120 (base 4) to base 10.
600
-380 (base 11) to base 4
-13003
What is -4691 (base 13) in base 11?
-74a9
What is -4200 (base 5) in base 13?
-334
Convert -40031 (base 7) to base 5.
-302001
206a (base 16) to base 5
231143
-302 (base 13) to base 14
-285
293 (base 16) to base 15
2de
Convert 20b3 (base 14) to base 7.
22313
What is 65460 (base 7) in base 10?
16359
What is -2422 (base 8) in base 15?
-5b8
What is 7708 (base 12) in base 5?
404422
Convert 2132113 (base 4) to base 15.
300a
79a (base 14) to base 7
4253
What is 1b9 (base 15) in base 9?
483
What is 301131 (base 4) in base 14?
1221
Convert -13203 (base 4) to base 3.
-122220
5a5 (base 12) to base 9
1138
1cc (base 14) to base 2
101111000
101111010 (base 2) to base 6
1430
Convert -1288 (base 13) to base 15.
-bb7
-b69 (base 15) to base 7
-10335
What is -1002212 (base 3) in base 2?
-1100100110
Convert -4522 (base 6) to base 16.
-422
Convert 167271 (base 8) to base 10.
61113
-469 (base 16) to base 7
-3202
What is -27 (base 10) in base 4?
-123
-23894 (base 10) to base 13
-ab50
Convert -11110100010 (base 2) to base 9.
-2611
Convert 309 (base 16) to base 13.
47a
What is 111123 (base 4) in base 16?
55b
What is 303e (base 15) in base 10?
10184
What is -203220 (base 4) in base 13?
-1065
What is 200031 (base 4) in base 16?
80d
What is -1a75 (base 15) in base 3?
-21212102
38b (base 15) to ba